 252 and 94788.
36
Calculate the greatest common factor of 2910 and 49082.
194
What is the highest common divisor of 119615 and 35?
5
What is the greatest common divisor of 28963 and 22?
11
What is the greatest common factor of 77 and 170464?
7
What is the greatest common factor of 49 and 175224?
49
What is the greatest common divisor of 49032 and 192?
24
Calculate the highest common factor of 14 and 10346.
14
What is the highest common divisor of 1024 and 12672?
128
Calculate the greatest common factor of 31620 and 102.
102
What is the highest common divisor of 720 and 459120?
240
What is the highest common factor of 188 and 11208748?
188
Calculate the greatest common factor of 2410 and 19039.
241
Calculate the highest common factor of 308 and 129932.
44
Calculate the greatest common divisor of 747 and 12948.
249
Calculate the greatest common factor of 986 and 1598.
34
What is the highest common factor of 22828 and 2444?
52
Calculate the highest common divisor of 594419 and 343.
343
What is the greatest common factor of 11680 and 1460?
1460
What is the highest common divisor of 1176 and 110397?
147
Calculate the highest common factor of 1560 and 24720.
120
What is the highest common divisor of 2487133 and 11?
11
Calculate the highest common divisor of 8397 and 999.
27
Calculate the highest common divisor of 1 and 287831.
1
What is the greatest common factor of 178703 and 4802?
343
Calculate the greatest common divisor of 16 and 54432.
16
What is the greatest common factor of 75 and 57825?
75
Calculate the greatest common divisor of 25200 and 3465.
315
What is the highest common divisor of 10492 and 97600?
244
Calculate the highest common factor of 358 and 1600.
2
What is the greatest common factor of 103454 and 1196?
598
Calculate the highest common divisor of 2134880 and 3520.
1760
What is the highest common factor of 29220 and 4180?
20
What is the greatest common divisor of 81770 and 663?
221
Calculate the greatest common factor of 342992 and 1088.
272
Calculate the greatest common factor of 207732 and 48.
12
Calculate the greatest common divisor of 720 and 3216.
48
What is the highest common factor of 1054777 and 146?
73
Calculate the greatest common factor of 101190 and 40.
10
What is the greatest common divisor of 1325172 and 12?
12
Calculate the highest common divisor of 2415 and 385.
35
What is the greatest common divisor of 9006 and 8058?
474
What is the highest common divisor of 68660 and 20?
20
What is the highest common divisor of 349680 and 155?
155
What is the greatest common divisor of 327 and 108237?
327
What is the highest common divisor of 25751 and 11?
11
Calculate the highest common factor of 1717572 and 82.
82
Calculate the highest common divisor of 6651 and 279.
9
Calculate the greatest common factor of 3155 and 18299.
631
Calculate the highest common factor of 6208 and 17945.
97
Calculate the highest common divisor of 894986 and 134.
134
Calculate the greatest common factor of 62577 and 17.
17
Calculate the greatest common factor of 816 and 93036.
12
Calculate the greatest common factor of 115990 and 70.
70
What is the highest common factor of 430 and 151790?
430
What is the highest common divisor of 504734 and 172?
86
What is the highest common divisor of 1287 and 28908?
99
Calculate the greatest common divisor of 160 and 8270.
10
What is the highest common divisor of 78548 and 292?
292
What is the greatest common divisor of 294 and 546105?
147
What is the greatest common factor of 48544 and 246?
82
Calculate the highest common factor of 713 and 9331.
31
Calculate the highest common divisor of 91762 and 43.
43
Calculate the highest common divisor of 24 and 19356.
12
What is the highest common factor of 1517 and 11211?
37
Calculate the highest common divisor of 2232 and 22506.
186
What is the greatest common divisor of 426 and 1060740?
426
Calculate the highest common factor of 14 and 84574.
14
What is the greatest common divisor of 747 and 2446425?
747
Calculate the greatest common divisor of 209 and 81187.
19
What is the highest common factor of 20 and 948520?
20
What is the greatest common divisor of 594 and 19206?
198
What is the highest common factor of 78652 and 75048?
212
Calculate the greatest common factor of 56 and 1309588.
28
Calculate the greatest common factor of 36 and 251253.
9
Calculate the highest common divisor of 15152 and 1024.
16
Calculate the greatest common factor of 5766 and 775.
31
What is the highest common divisor of 8152 and 3296?
8
Calculate the highest common factor of 28 and 446824.
28
What is the greatest common divisor of 1291837 and 879?
293
Calculate the greatest common factor of 1586689 and 13.
13
Calculate the highest common divisor of 659 and 35586.
659
Calculate the highest common factor of 511 and 9125.
73
Calculate the greatest common factor of 8 and 73256.
8
Calculate the highest common divisor of 19057 and 187.
17
Calculate the highest common factor of 80 and 2188880.
80
Calculate the highest common divisor of 29088 and 22018.
202
Calculate the highest common factor of 120 and 921208.
8
Calculate the greatest common factor of 8964 and 140076.
108
Calculate the greatest common factor of 81 and 2746413.
27
Calculate the highest common factor of 6 and 5682.
6
What is the highest common factor of 30 and 543195?
15
What is the highest common factor of 8489 and 52?
13
What is the greatest common divisor of 410 and 13858?
82
Calculate the greatest common divisor of 18779 and 31328.
89
Calculate the highest common divisor of 525 and 1743.
21
Calculate the highest common divisor of 16640 and 1760.
160
What is the highest common factor of 296 and 153772?
148
Calculate the greatest common divisor of 6734 and 3094.
182
What is the highest common factor of 112969 and 346?
173
Calculate the highest common factor of 25 and 4598900.
25
Calculate the greatest common factor of 7474 and 17978.
202
What is the greatest common divisor of 237182 and 55?
11
Calculate the highest common divisor of 18 and 17844.
6
Calculate the highest common factor of 1604 and 124711.
401
Calculate the highest common divisor of 137 and 200.
1
Calculate the highest common factor of 52840 and 50.
10
Calculate the highest common factor of 50568 and 27348.
516
Calculate the greatest common factor of 22 and 362868.
22
What is the greatest common divisor of 15934 and 527?
31
What is the greatest common divisor of 14 and 9085720?
14
What is the greatest common divisor of 132 and 34116?
12
Calculate the greatest common factor of 67540 and 45.
5
Calculate the greatest common factor of 301755 and 195.
15
Calculate the highest common factor of 1145976 and 72.
24
What is the highest common factor of 11628 and 14484?
204
What is the greatest common factor of 216 and 660024?
72
Calculate the greatest common factor of 29606 and 24860.
226
What is the greatest common factor of 1348091 and 626?
313
What is the highest common factor of 125 and 4709750?
125
What is the highest common factor of 3604 and 356?
4
Calculate the greatest common factor of 128 and 106192.
16
Calculate the highest common divisor of 896 and 2348.
4
Calculate the highest common factor of 297075 and 2025.
75
Calculate the greatest common divisor of 122796 and 31078.
758
Calculate the greatest common divisor of 221 and 139043.
17
What is the highest common divisor of 37683 and 72?
9
Calculate the highest common divisor of 120 and 14706.
6
What is the highest common divisor of 320 and 3270?
10
What is the greatest common divisor of 116800 and 336?
16
What is the greatest common divisor of 6 and 179103?
3
Calculate the highest common divisor of 676 and 876.
4
Calculate the greatest common divisor of 245 and 398615.
245
Calculate the greatest common factor of 12 and 354066.
6
What is the greatest common divisor of 100882 and 2?
2
What is the greatest common factor of 5264 and 37177?
329
What is the highest common divisor of 612 and 74324?
68
Calculate the greatest common factor of 19899 and 1188.
297
Calculate the highest common divisor of 20 and 569510.
10
Calculate the greatest common divisor of 27559 and 93.
31
Calculate the highest common factor of 194005 and 16905.
805
Calculate the highest common divisor of 19635 and 21615.
165
What is the greatest common fac